08289435?
5
What is the tens digit of 36671244?
4
What is the units digit of 47432572?
2
What is the tens digit of 56291585?
8
What is the units digit of 569159388?
8
What is the tens digit of 1737219267?
6
What is the thousands digit of 436893248?
3
What is the millions digit of 60914320?
0
What is the ten thousands digit of 303896227?
9
What is the ten thousands digit of 793388543?
8
What is the millions digit of 619348124?
9
What is the tens digit of 63212058?
5
What is the thousands digit of 1576353224?
3
What is the ten millions digit of 817985445?
1
What is the hundred millions digit of 245964329?
2
What is the ten thousands digit of 85529549?
2
What is the units digit of 4337834093?
3
What is the hundred thousands digit of 91758607?
7
What is the ten millions digit of 325134831?
2
What is the ten millions digit of 214194287?
1
What is the tens digit of 6351720136?
3
What is the thousands digit of 796158696?
8
What is the millions digit of 6523329944?
3
What is the tens digit of 50431296?
9
What is the hundreds digit of 11923369?
3
What is the ten thousands digit of 4691055?
9
What is the hundreds digit of 8307766162?
1
What is the ten millions digit of 1926208937?
2
What is the units digit of 3423640143?
3
What is the thousands digit of 134091139?
1
What is the hundred thousands digit of 22128932?
1
What is the units digit of 39999?
9
What is the tens digit of 5207128470?
7
What is the hundred thousands digit of 435868965?
8
What is the ten millions digit of 1780573501?
8
What is the thousands digit of 571968597?
8
What is the ten millions digit of 62966804?
6
What is the ten thousands digit of 30859835?
5
What is the billions digit of 2222087234?
2
What is the tens digit of 927901156?
5
What is the hundred thousands digit of 1494460659?
4
What is the hundred millions digit of 1224557337?
2
What is the millions digit of 393532854?
3
What is the hundreds digit of 135467422?
4
What is the thousands digit of 69046365?
6
What is the hundreds digit of 249944785?
7
What is the hundreds digit of 117244525?
5
What is the ten thousands digit of 50445514?
4
What is the ten millions digit of 168539718?
6
What is the tens digit of 335046145?
4
What is the millions digit of 681430109?
1
What is the hundred millions digit of 418075177?
4
What is the hundred thousands digit of 1595911063?
9
What is the tens digit of 4072442095?
9
What is the ten thousands digit of 115824020?
2
What is the hundreds digit of 37243985?
9
What is the hundreds digit of 4302572?
5
What is the hundred thousands digit of 541810458?
8
What is the units digit of 1494106139?
9
What is the ten thousands digit of 828530329?
3
What is the ten thousands digit of 219740509?
4
What is the thousands digit of 2101559136?
9
What is the ten millions digit of 29379278?
2
What is the billions digit of 2309035252?
2
What is the millions digit of 124719191?
4
What is the hundreds digit of 542230102?
1
What is the hundred thousands digit of 28664913?
6
What is the ten thousands digit of 142698130?
9
What is the units digit of 185818145?
5
What is the tens digit of 133237892?
9
What is the tens digit of 20590236?
3
What is the hundred thousands digit of 134718812?
7
What is the hundreds digit of 888710454?
4
What is the hundred thousands digit of 381738374?
7
What is the units digit of 368314034?
4
What is the thousands digit of 21721654?
1
What is the thousands digit of 5912377180?
7
What is the ten thousands digit of 294332620?
3
What is the millions digit of 1190808830?
0
What is the billions digit of 1318499916?
1
What is the millions digit of 24421743?
4
What is the hundred thousands digit of 77382560?
3
What is the thousands digit of 191925464?
5
What is the units digit of 155689283?
3
What is the millions digit of 2491022483?
1
What is the tens digit of 643135066?
6
What is the ten millions digit of 107216120?
0
What is the ten thousands digit of 98660088?
6
What is the hundred thousands digit of 2973635271?
6
What is the hundreds digit of 58157482?
4
What is the hundred millions digit of 536177400?
5
What is the millions digit of 259813908?
9
What is the thousands digit of 1500955973?
5
What is the thousands digit of 35007382?
7
What is the ten thousands digit of 14848392?
4
What is the units digit of 768367373?
3
What is the ten millions digit of 20696652?
2
What is the units digit of 138912602?
2
What is the tens digit of 4900407309?
0
What is the hundred millions digit of 478625866?
4
What is the tens digit of 3559550902?
0
What is the millions digit of 119684678?
9
What is the millions digit of 167533561?
7
What is the thousands digit of 7229648841?
8
What is the hundreds digit of 73574140?
1
What is the hundred thousands digit of 517445484?
4
What is the tens digit of 1595327546?
4
What is the tens digit of 117343698?
9
What is the millions digit of 68744180?
8
What is the tens digit of 84924656?
5
What is the units digit of 95442775?
5
What is the tens digit of 13423574?
7
What is the ten millions digit of 1846851982?
4
What is the millions digit of 27899295?
7
What is the units digit of 880494?
4
What is the billions digit of 2824909315?
2
What is the ten thousands digit of 328264671?
6
What is the tens digit of 126700336?
3
What is the hundreds digit of 52534349?
3
What is the millions digit of 489304904?
9
What is the hundreds digit of 555306301?
3
What is the billions digit of 1797980558?
1
What is the ten thousands digit of 4878008307?
0
What is the ten thousands digit of 18315735?
1
What is the tens digit of 657585578?
7
What is the units digit of 32432740?
0
What is the ten millions digit of 132819523?
3
What is the ten millions digit of 1213355392?
1
What is the ten thousands digit of 34574278?
7
What is the hundred millions digit of 173665911?
1
What is the thousands digit of 12616823?
6
What is the ten millions digit of 39683149?
3
What is the hundreds digit of 911813457?
4
What is the ten millions digit of 203037138?
0
What is the hundreds digit of 277481618?
6
What is the hundreds digit of 27661048?
0
What is the thousands digit of 32526498?
6
What is the millions digit of 27192999?
7
What is the thousands digit of 74916653?
6
What is the hundreds digit of 1655937285?
2
What is the ten millions digit of 61754546?
6
What is the hundreds digit of 10297599?
5
What is the thousands digit of 63726850?
6
What is the tens digit of 66309115?
1
What is the millions digit of 392693132?
2
What is the hundreds digit of 106923829?
8
What is the hundreds digit of 19380164?
1
What is the hundreds digit of 897744567?
5
What is the billions digit of 2127490322?
2
What is the hundred millions digit of 5481805018?
4
What is the ten millions digit of 96774976?
9
What is the ten thousands digit of 6064412793?
1
What is the hundred thousands digit of 1738060207?
0
What is the ten millions digit of 32187084?
3
What is the ten millions digit of 15080071?
1
What is the hundred thousands digit of 83796241?
7
What is the hundred thousands digit of 223504080?
5
What is the hundreds digit of 3709585081?
0
What is the hundred millions digit of 163186074?
1
What is the tens digit of 91528674?
7
What is the thousands digit of 399655379?
5
What is the billions digit of 6782612613?
6
What is the hundred thousands digit of 69918306?
9
What is the hundred thousands digit of 71612118?
6
What is the thousands digit of 714294208?
4
What is the hundred millions digit of 277787257?
2
What is the thousands digit of 35157945?
7
What is the hundred millions digit of 116539745?
1
What is the ten millions digit of 1459849446?
5
What is the hundred thousands digit of 619345103?
3
What is the hundreds digit of 39086573?
5
What is the units digit of 251612399?
9
What is the hundreds digit of 306413944?
9
What is the hundred millions digit of 568425389?
5
What is the thousands digit of 433106311?
6
What is the units digit of 2872388736?
6
What is the thousands digit of 44026171?
6
What is the thousands digit of 132476588?
6
What is the tens digit of 31943079?
7
What is the hundred millions digit of 599856902?
5
What is the thousands digit of 15659862?
9
What is the units digit of 279343258?
8
What is the millions digit of 152026398?
2
What is the hundred thousands digit of 7296970?
2
What is the millions digit of